is the highest common divisor of a and 954?
18
Let x = -118 + 156. Suppose 0 = 3*g - 2*z - x, 0 = -2*g + 5*z - 4 + 44. What is the highest common factor of g and 90?
10
Let n(l) = 58*l - 2797. Let q be n(56). What is the highest common divisor of 220 and q?
11
Suppose -4*q + 2*b + 184 = 0, 35*b + 44 = q + 34*b. What is the greatest common divisor of 23168 and q?
16
Suppose -49*r + 15*r + 5440 = 0. Calculate the highest common factor of 4000 and r.
160
Let j(h) be the second derivative of h**4/6 - 4*h**3/3 - h**2 + 9*h. Let k be j(7). Let g = 16 + k. What is the greatest common divisor of 14 and g?
14
Let h = -32 + 111. Let l = 89 - h. What is the highest common divisor of l and 30?
10
Let p be (0 + 12/(-6))*-16. Suppose -9*f - p = -7*f. Let d be (-13 - f)/(6/64). Calculate the greatest common factor of 16 and d.
16
Suppose -19 + 59 = 20*n. Let q be n/(-3) + (-5)/((-90)/354). Calculate the greatest common divisor of q and 171.
19
Let r be (-1 + 35 + -1)*((-705)/45 + 18). Calculate the highest common divisor of 2167 and r.
11
Let g be -42*(14/(-42) - 0/(-2)). Suppose -3*c + g = 3*q - 7*c, 2 = q - 2*c. Calculate the highest common factor of q and 18.
2
Let d = 199 - -312. Let o = -17 + 90. Calculate the greatest common factor of o and d.
73
Suppose 15140 + 13117 = 49*h - 5994. Calculate the greatest common divisor of 3 and h.
3
Let r(v) = 7*v + 10. Let t be r(3). Let p be (-106)/1 - (t + -28). Let d = -32 - p. What is the greatest common factor of d and 7?
7
Let i(f) = f**2 - 27*f - 86. Let y be i(30). What is the highest common factor of 781 and y?
1
Suppose -3*r - 9 = 15. Let x be (r/(-3))/(1/(-48)*-2). Let a(q) = -q**2 - 8*q - 8. Let v be a(-4). Calculate the greatest common divisor of v and x.
8
Let j(p) = 2*p + 420. Let n be j(38). Calculate the highest common factor of n and 2144.
16
Let q(s) = s**3 + 19*s**2 + 34*s + 17. Let o be q(-17). Suppose o*r - 101 = 1259. Calculate the highest common divisor of r and 5.
5
Let p = -43 + 69. Suppose -7*a - 78 = 20. Let z = p + a. Calculate the highest common factor of z and 3.
3
Let i = 1362 + -1353. Calculate the greatest common divisor of 6903 and i.
9
Let p = 191 - 191. Suppose r = -3*k - 17 + 224, 2*r + 2*k - 398 = p. Calculate the greatest common factor of 39 and r.
39
Let w = -150 + 154. Suppose 20 = w*q, 4*u - 3 - 38 = -5*q. What is the highest common divisor of 32 and u?
4
Let q = 112 - 80. Let h be -134*(-1)/8 - 24/q. Let o be ((-6)/(-7))/(h/1680). What is the greatest common factor of o and 18?
18
Suppose 238*q = 235*q + 9, q = 4*f - 157. Calculate the greatest common factor of 900 and f.
20
Suppose 145 = -3*b + 8*b. Let j = -87 + 117. Let m = 28 + j. Calculate the highest common factor of m and b.
29
Suppose 224 - 16 = 4*j. Suppose 0 = -4*q + 3*q + j. Calculate the highest common divisor of 26 and q.
26
Let z(j) = 145*j - 4721. Let f be z(37). What is the greatest common factor of f and 2300?
92
Suppose 0 = -9932*u + 9950*u - 126. Calculate the greatest common factor of 84 and u.
7
Let c(n) = 38*n - 136. Let k be c(25). Let h = k + -582. Calculate the highest common divisor of h and 87.
29
Let n(o) = -109*o + 6313. Let v be n(-94). What is the greatest common divisor of v and 87?
29
Suppose 6*x - 4*x - 204 = -4*f, x - f - 90 = 0. Let i = x + -63. Calculate the greatest common divisor of i and 248.
31
Let l = 6924 + -6830. What is the highest common divisor of l and 2303?
47
Let t = -4022 + 4030. What is the greatest common factor of 692 and t?
4
Let l(f) = 17*f - 207. Let s be l(0). Let p = -131 - s. What is the highest common divisor of 19 and p?
19
Suppose 0 = -16*c + 12*c - n + 4, 0 = -5*c - 2*n + 8. Suppose 9*a = 14*a + 2*j - 373, 2*a + 3*j - 147 = c. What is the greatest common factor of 5 and a?
5
Let b = 7 + 13. Suppose -20*d + 24356 = 120*d - 6444. Calculate the greatest common factor of d and b.
20
Let z = -6948 + 7071. What is the greatest common factor of 1025 and z?
41
Suppose 2*r - 4*v = v - 111, -2*v + 198 = -4*r. Let s be (1/(-2))/(39/5460). Let t = r - s. Calculate the highest common divisor of 22 and t.
22
Let z = -229 - -234. Calculate the greatest common divisor of 245 and z.
5
Let b(y) be the second derivative of -y**3/6 + y**2/2 + 4*y - 18. Let c be b(-14). Suppose -120 = -4*m + 60. What is the highest common factor of m and c?
15
Suppose 4*t - 3*n = 1785, 1058 = 4*t + n - 715. What is the highest common factor of t and 12?
12
Let c be 30 - -1 - (-4 + 3 - -3). Suppose -34*a + c*a - 855 = 0. Let n = 248 + a. What is the highest common divisor of 11 and n?
11
Let u = 4 + -4. Let i(w) = -w**3 - w**2 + 8. Let l be i(u). Let p be (-10260)/(-1539)*(2 + (-64)/10)*-3. What is the highest common divisor of l and p?
8
Let m be (3/2 + 1)/(55/44). Suppose -5*u + 3561 = -m*r, -57 = -5*r - 72. Calculate the greatest common factor of 9 and u.
9
Let o be (-3)/(4/((-1424)/3)). Let w = 19243 - 19239. Calculate the highest common divisor of w and o.
4
Let o = -20 - -24. Suppose 174 = 2*p - 0*p. Let d = 88 - p. What is the highest common divisor of d and o?
1
Let m be ((-20)/(-25))/(1 + 3/(-5)). Suppose 2*h + 2*h = -2*q - 6, -m*q - 6 = 0. Suppose 3*c - 54 = -h*c. What is the highest common divisor of 12 and c?
6
Let g(n) be the first derivative of n**4/4 + 3*n**3 - n**2/2 - 9*n + 54. Let f = -5 + -3. Let r be g(f). What is the greatest common factor of 9 and r?
9
Let u(z) = -z**3 + 22*z**2 - 36*z + 11. Let m be u(20). Suppose 49*q + 1248 = 61*q. What is the highest common divisor of m and q?
13
Let j be (1/(6/506))/((-750)/108 + 7). What is the greatest common divisor of j and 12?
6
Suppose -57*q = -215*q - 9458 + 42322. Suppose -3*z + 240 = 2*z. Calculate the greatest common factor of z and q.
16
Suppose -n = -4*v + 291, -317 = -4*v - 3*n - 6. Suppose -12 = -2*c, -3*c + 944 = -3*a + 938. Calculate the greatest common factor of a and v.
2
Suppose o - 5*z + 610 - 544 = 0, -z - 2 = -4*o. Let d = -17 + 32. Let a be (8/(-6))/((-2)/d). What is the greatest common divisor of o and a?
2
Suppose 0 = -214*u + 130*u + 63504. Calculate the greatest common divisor of 154 and u.
14
Let f be (11/((-33)/(-10)) - 0)*(-5184)/(-135). What is the greatest common divisor of f and 144?
16
Suppose 7*t - 5*d - 379 = 6*t, -3*t + 2*d + 1189 = 0. Let s(b) = 2*b**2 + 32*b - 423. Let w be s(11). What is the highest common divisor of t and w?
57
Suppose 671 + 2081 = 39*z + 25*z. What is the highest common factor of 25 and z?
1
Let p be (1728/72)/(6/12*(-6)/(-146)). What is the highest common divisor of 4 and p?
4
Suppose -4*a - 252 = -2*i - 84, i = -a + 93. Suppose -4*d + 6*d = 12. What is the highest common factor of d and i?
6
Let w(s) = -4*s + 5 + 17 - 4*s**2 + 3*s**2 - 7*s. Let z be w(-12). What is the greatest common divisor of 370 and z?
10
Let y = -19 + 65. Let l = -20 + 100. Let m = l + 104. What is the greatest common divisor of y and m?
46
Let j be 3 + 6 - 3 - 3. Let x be (-11)/(-33) - (1 + (-128)/j). What is the highest common divisor of x and 336?
42
Suppose 15*y - 763 - 5044 = -872. What is the highest common factor of 21 and y?
7
Let m(b) = -20*b - 27. Let z(p) = 21*p + 22. Let n(i) = 2*m(i) + 3*z(i). Let l be n(0). What is the highest common divisor of 258 and l?
6
Suppose -8447 = -3*f - 5*f + 9009. What is the highest common factor of f and 2?
2
Suppose -f + 18087 = 119*t - 113*t, 3030 = t - 5*f. Calculate the highest common factor of t and 90.
45
Let j = -9406 + 9694. Calculate the highest common divisor of 27 and j.
9
Let i be (24/10)/(3/(-1350)). Let k be ((-3)/(-5))/((-9)/i). What is the greatest common divisor of k and 192?
24
Let p = -809 + 1160. Let j(h) = 2*h**2 + 48*h + 229. Let n be j(-18). What is the highest common factor of n and p?
13
Suppose 0 = -3*o - 2*y + 70, 44*y - 47*y + 66 = 3*o. What is the greatest common divisor of 416 and o?
26
Let j = 26 + -11. Suppose -45 = -15*p + j. Let g be (((-6)/3)/4)/(p/(-48)). Calculate the highest common factor of g and 2.
2
Let r(x) = 9*x**2 + 5*x + 1. Suppose 26 = 5*f - 39. Suppose 4*c + f - 5 = -3*t, c - 2*t + 2 = 0. Let w be r(c). What is the greatest common factor of w and 297?
27
Suppose 3 = -19*o + 22. Let z be (-252)/84 + (19 - o - 0). What is the greatest common divisor of z and 255?
15
Let c be 40458/88*12/9. Suppose -2*k = -3*l - 1216